j = 2317 + -824. Suppose 5*g - 2*t - j = 0, g - 2*t = 398 - 93. List the prime factors of g.
3, 11
Suppose 4*y - 2*y = 5*r - 16, -5*y + 26 = 4*r. Suppose y = -u + 22. Let x = 0 + u. What are the prime factors of x?
2, 5
Suppose -7*z - 10 = -5*z, -2*f + z = -3055. What are the prime factors of f?
5, 61
Suppose z - 25 = -17. List the prime factors of 14*(-4 + z) + 2.
2, 29
Let w = -9 + 11. Suppose -v = w*v. Suppose s - 50 = 5*u, 4*s - 5*u = -v*u + 125. What are the prime factors of s?
5
Let c(i) = -4 + 2 + 4*i + 6*i**3 - 3*i**2 - 1 - 2. Let q(z) = 5*z**3 - 2*z**2 + 4*z - 4. Let r(y) = 4*c(y) - 5*q(y). List the prime factors of r(-3).
3, 7
Let m(n) = 14*n**2 - 4*n + 84. What are the prime factors of m(-9)?
2, 3, 11, 19
Suppose 0 = -3*o - a + 13, 5*a - a + 8 = 0. Let l be (-15)/5*o/(-3). Let x(p) = 2*p + 6. What are the prime factors of x(l)?
2
Let z(p) = -4*p**3 + p**2 + 23*p - 7. Let b be z(5). Let y = b + 650. List the prime factors of y.
283
Let l(v) be the second derivative of 0 + v**3 + 3/4*v**4 - 3/2*v**2 + 10*v + 1/20*v**5. What are the prime factors of l(-8)?
13
Suppose -3*k - 8980 = -5*y, -2*k = -4*y + 2814 + 4370. What are the prime factors of y?
2, 449
Let s(v) = -3*v**3 - 16*v**2 - 8*v + 30. What are the prime factors of s(-10)?
2, 5, 151
List the prime factors of (4 + -736)*(15/5)/(-3).
2, 3, 61
Let k(w) = -103*w**3 - w**2 - 2*w - 1. Let d be k(-1). Suppose -3*y + d = -59. List the prime factors of y/45*(-15)/(-2).
3
Suppose -32*j + 42171 = -38629. List the prime factors of j.
5, 101
Suppose 0 = -w + 3*w + 202. Let x = 46 - w. What are the prime factors of x?
3, 7
Suppose -5*t + 2*p + 38 = 0, -t - 4*t + 4*p + 46 = 0. Let z(j) = j + 3*j - 1 - t. List the prime factors of z(5).
13
Suppose 0 = 3*w - 21 - 15. Let z be -2*(w/(-8) - -1). Let c(q) = 23*q - 1. List the prime factors of c(z).
2, 11
Let x(a) = 2*a**2 + 8*a + 2. Suppose -4*r = -j + 2 + 3, 3*j = -2*r + 15. Suppose r = -5*q - 9 - 21. What are the prime factors of x(q)?
2, 13
Suppose 3*u - i = -103, -2*u + i + i - 62 = 0. Let c = 11 - u. What are the prime factors of c?
47
Let r(d) = -d + 10. Let a be r(8). Let o be a*(-3 + (-11)/(-2)). Suppose o*g - 99 + 29 = 0. List the prime factors of g.
2, 7
Suppose 2359 - 865 = 6*z. List the prime factors of z.
3, 83
Let o(h) be the third derivative of -2*h**2 + 1/3*h**3 + 2/15*h**5 + 0 + 0*h + 1/6*h**4. What are the prime factors of o(-2)?
2, 13
Let s = 30 - 28. Let o(f) = -2*f - 7*f**2 - f**3 + 12*f**s - 8*f + 6*f**2 - 6. List the prime factors of o(9).
2, 3, 11
Suppose 4*y - 8 = -2*w, 5*w - 2*y - 46 = w. Let r = w - -2. List the prime factors of (30/(-18))/((-2)/r).
2, 5
Suppose 34*t + 1220 = 38*t. List the prime factors of t.
5, 61
Suppose -3*y - 5*j - 2947 = -7*y, -2*y - 2*j = -1496. What are the prime factors of y?
743
Let v(g) = 74*g**2 + g - 13. What are the prime factors of v(-4)?
3, 389
Let x(q) = -q**2 + 31*q + 16. Let n be (-18)/(-7 - -6 - 0/(-2)). What are the prime factors of x(n)?
2, 5
Suppose 159*y - 72 = 156*y. What are the prime factors of y?
2, 3
What are the prime factors of (-1)/(-4*8/49568)?
1549
Suppose 20*d - 25 = 15*d. Suppose q + d = 22. List the prime factors of q.
17
Let y(u) = 37*u**2 - 3*u - 77. What are the prime factors of y(-7)?
7, 251
What are the prime factors of (-77)/22 + (-1215)/(-2)?
2, 151
Suppose -2*w + 5 = -13. Suppose 21 = -w*i + 6*i. List the prime factors of -4*4/16*i.
7
Let w be 2 - (1 + -3 + 1). Suppose -42 = w*m + 12. List the prime factors of 4/(-18) + (-616)/m.
2, 17
Let j = 12 + -9. Suppose 2*s - j*n + 105 = -128, -2*s + 2*n = 234. Let k = 167 + s. What are the prime factors of k?
7
Let n = 9719 + -5698. List the prime factors of n.
4021
Suppose 0 = 4*b + 3*p - 5829, p = -16 + 15. List the prime factors of b.
2, 3
Let a(f) be the second derivative of -f**5/20 + f**4/2 + 4*f**3/3 + 2*f**2 - 2*f - 1. Let t(r) = -2*r - 1. Let w be t(-4). What are the prime factors of a(w)?
11
Suppose -5*h - 175 = 175. Let w = 136 - h. Suppose -2*b - 135 = -2*p - p, w = 5*p + 3*b. What are the prime factors of p?
43
Suppose 14*z = -21*z + 26845. What are the prime factors of z?
13, 59
List the prime factors of (-14)/(-70) + 33068/(-10)*-1.
3307
Suppose 2*h + 414 = 2*z, 222*h - 837 = -4*z + 223*h. What are the prime factors of z?
2, 3, 5, 7
Let t = -87 + 114. Suppose -t*l + 3458 = -13*l. List the prime factors of l.
13, 19
What are the prime factors of -45 + 41 - (-1 - 2128)?
5, 17
Suppose -5*g + 255 = 5*p, -4*g + 5*p = 4*p - 204. What are the prime factors of ((-35)/(-15) + -2)*g?
17
Let v = 422 + -288. Let o be (-1)/(v/44 - 3). Let z = o - -46. List the prime factors of z.
2, 3
Let k(x) = x - 1. Let z be k(2). Let j be 51/6*-4 + z. Let h = -14 - j. List the prime factors of h.
19
Let b be 402/3 - (-4 + 5). Let y be b/14 - (-6)/4. Suppose k + k - y = -5*h, 4 = -2*k. What are the prime factors of h?
3
Let d(b) = 74*b**2 + 4*b + 2. Suppose -5*o + 3*o - 6 = 4*s, -4*o + 3*s - 1 = 0. List the prime factors of d(o).
2, 3
Let m(v) be the second derivative of 8*v**4/3 + v**2/2 + 3*v. List the prime factors of m(-1).
3, 11
Suppose 0 = 102*r - 105*r + 1986. List the prime factors of r.
2, 331
What are the prime factors of 312 + (4 - (-1 + -1))?
2, 3, 53
Let j = 3441 + -2250. What are the prime factors of j?
3, 397
Let p = 15 + -36. Let a = p - -21. Suppose 3*r - r - 100 = a. List the prime factors of r.
2, 5
What are the prime factors of 50/(-525) + (8024/21 - 2)?
2, 5, 19
Let s = 2 - -4. Let l(p) = 9*p**2 - 17*p - 1. Let a(x) = -4*x**2 + 9*x + 1. Let f(c) = 7*a(c) + 3*l(c). What are the prime factors of f(s)?
2, 5
Let c(b) = 4*b - 8. Let g be c(4). Suppose 5*m = g*m - 147. List the prime factors of m.
7
Let o(a) = -200*a - 23. What are the prime factors of o(-5)?
977
Let a(w) = w**2 - w + 1. Let t(j) = -j**3 - 2*j**2 + 8*j - 6. Let p(n) = 6*a(n) + t(n). Suppose 4*u - 6*u + 6 = 0. What are the prime factors of p(u)?
3, 5
Let g(h) = -h**3 - 12*h**2 - 13*h + 4. Let k be g(-11). What are the prime factors of ((-39)/k)/((-2)/68)?
3, 17
Let n be ((-77)/22)/((-2)/64). Let d be (n/98)/(2/7). Let p(v) = v**2 + 4*v - 5. List the prime factors of p(d).
3
Let f(l) = 3*l - 2. Let n be f(2). Suppose 0 = 2*y - n*u - 90, 3*u + 144 = -y + 4*y. What are the prime factors of y?
3, 17
Suppose -3*x + 26*w - 22*w + 944 = 0, -3*x = -3*w - 942. List the prime factors of x.
2, 3, 13
Let w be (-99)/(-63) + -2 - 5886/(-14). Suppose -w + 122 = -2*r. List the prime factors of r.
149
Let x(q) = q**3 + 7*q**2 - 2*q - 17. What are the prime factors of x(-5)?
43
Suppose 2 = -0*c + 2*c, -2*w - 4*c + 336 = 0. What are the prime factors of w?
2, 83
Suppose 0 = 11*m - 396 - 3674. What are the prime factors of m?
2, 5, 37
Let b(t) = 5*t**2 + 21*t + 7. List the prime factors of b(-10).
3, 11
Let s(j) = -3*j**3 - 10*j**2 - 20*j - 46. What are the prime factors of s(-6)?
2, 181
Suppose 0 = -10*q + 11*q - 54. Let d = q - -16. What are the prime factors of d?
2, 5, 7
Let u(c) = c**2 - 6*c + 2. Suppose -4*g + 13 = 3*k + g, -5 = 5*g. Let f be u(k). Suppose 57 = p + f*p. List the prime factors of p.
19
Let n(q) = q + 15. Let j be n(-10). Suppose -m = -0*m - j. List the prime factors of m.
5
Let l be (5 - 7)/(1/2). List the prime factors of (-79)/3*(1 - (-16)/l).
79
Suppose 7710 = 3*x + 3*c, 0 = -17*x + 16*x + 5*c + 2570. List the prime factors of x.
2, 5, 257
Let h(o) = 15*o**2 + 23*o - 419. List the prime factors of h(14).
2843
What are the prime factors of (((-20)/15)/(-4))/(6/38484)?
2, 1069
Let u = 16 - 4. Let c be 10/4*u/10. Suppose -c*t = 3*g - 1 + 7, -5*g - 25 = 0. List the prime factors of t.
3
Let f = -324 - -830. What are the prime factors of f?
2, 11, 23
Suppose 6 + 1 = -7*q. What are the prime factors of 1/(q/(-4)) + 73?
7, 11
Let y be ((-5)/((-3)/3))/1. Suppose -3*f - 92 = -y*f. List the prime factors of f.
2, 23
Let t(a) = -4*a + 1. Let x be t(-1). Suppose -16 = -3*i + x*i. Let b = i + 20. What are the prime factors of b?
2, 3
What are the prime factors of 2298/(-24)*(-3 - 13)?
2, 383
Let b(v) = -142*v - 366. What are the prime factors of b(-23)?
2, 5, 29
Suppose 0 = 2*n - 3*j - 41 + 13, 4 = 2*n + 3*j. Let f = n + 14. List the prime factors of f.
2, 11
Suppose 0 = 8*i - 13*i + 5370. What are the prime factors of i?
2, 3, 179
List the prime factors